 2. Let s be l(-5). Let a be -8 - (-8 + (1 - s)). What are the prime factors of a/(-4) + 128/2?
5, 13
Let k(r) = 8*r**2 - 6*r - 61. Let p be k(-9). Let n = p + -433. What are the prime factors of n?
2, 13
Suppose 0*v - 23 = -3*v + n, 0 = 3*n - 3. Suppose 5*r - 3*j = 3718, 5*r - v*r = 3*j - 2250. What are the prime factors of r?
2, 373
Let w(k) = k**2 - 7*k + 4. Let p be w(7). Suppose -14*i + 2*f + 1025 = -13*i, -p*f = i - 1037. List the prime factors of i.
3, 7
Suppose 11648 = 6*d + 3722. Suppose 386 = 3*s - d. What are the prime factors of s?
569
Let c(x) = -5*x + 115. Let t be c(22). Suppose -537 - t = -2*u. List the prime factors of u.
271
What are the prime factors of 2247*(-30)/(-12)*(44/20 + 3)?
3, 7, 13, 107
Let n be (-4)/(-12) - 34/(-6). Suppose n*j + 1 = 25. Suppose 3*o - 77 - j = 0. What are the prime factors of o?
3
Let m = -1666 - -3411. What are the prime factors of m?
5, 349
Let s = -16 - -24. Let u be 3 + (-19)/(1 - s/6). Suppose 0 = -4*g + 204 + u. List the prime factors of g.
2, 3, 11
Let f be 7 - 23/3 - 35/(-3). Suppose 10 - 120 = -f*n. Let o(g) = g**3 - 11*g**2 + 14*g - 15. What are the prime factors of o(n)?
5
List the prime factors of 2 - 5 - (-20264)/4*1.
61, 83
Let v = -360 + 623. Suppose 0 = 2*h - n - v, -124 = -h - n - n. What are the prime factors of h?
2, 5, 13
Let w = -16 - -28. Suppose -w*y + 8*y + 8 = 0. Suppose 2*n - 4*i + 7*i = 50, -4*n + 108 = y*i. What are the prime factors of n?
2, 7
Let n be 7 + (-1566)/(-39) + (-2)/13. Let h be 1 + 4/(16/76). Suppose -h = r - 5*r, o - n = r. What are the prime factors of o?
2, 13
Let p(k) = 12*k**2 + 3*k + 4. Let a be p(4). Let q = -68 + a. Let j = q - 100. List the prime factors of j.
2, 5
Let o = 56 - 58. Let g be o + (-1)/((-4)/(-12) + 0). List the prime factors of (-6)/15 + (-892)/g.
2, 89
Let i(q) = -4*q + 14. Let z be i(3). Let s be 1 - -2 - -83 - z/(-1). List the prime factors of (-19)/(-2)*s/(7 + -3).
11, 19
Suppose 0 = 3*j + 29 - 5, 198000 = 4*a + 9*j. List the prime factors of a.
2, 3, 7, 131
Let q = 68 + -52. Suppose 10*b = q*b - 36. What are the prime factors of ((-16)/b + 2)*-288?
2, 3
Let z(c) = 389*c - 344. What are the prime factors of z(14)?
2, 2551
List the prime factors of 1/1*-7 + -17484*128/(-96).
5, 59, 79
Let t(l) = -5*l**2 - 71*l + 72. Let f be -9 + -1 - (-3 + 2). Let a(s) = -s**2 - 18*s + 18. Let z(y) = f*a(y) + 2*t(y). List the prime factors of z(10).
2, 41
Let f(q) be the third derivative of -5*q**5/8 - q**4/24 - 13*q**3/6 + 11*q**2. Let z(o) be the first derivative of f(o). List the prime factors of z(-1).
2, 37
Let x(g) = 14*g + 75. Let m(i) = i - 3. Let t be m(9). List the prime factors of x(t).
3, 53
Let j(l) be the first derivative of -l**2 - 49*l - 12. Let i be j(-25). Let d(g) = 61*g**3 + g**2 + 2*g - 1. What are the prime factors of d(i)?
3, 7
Let u = -8964 - -12699. Suppose -u = -x - 8*x. What are the prime factors of x?
5, 83
Let f(d) = -2*d**3 - 10*d**2 - 5. Let x be f(-5). Let w(g) = 2*g**3 + 2*g**2 - g - 7. Let k be w(x). Let v = k + 284. List the prime factors of v.
2, 41
Suppose 2*n = -228 + 1936. Suppose 4*s - 4*q - n = -82, 0 = -s - 2*q + 208. List the prime factors of s.
2, 3, 11
Let k(j) = -53*j + 95. Let w be k(-5). Suppose -13*n + w = -10326. What are the prime factors of n?
2, 3, 137
Let u be (-1086)/9 + 2/3. Let g = -73 - u. Let l = -19 + g. What are the prime factors of l?
2, 7
Let g = -597 + 1043. Suppose g = 3*s - 1216. List the prime factors of s.
2, 277
List the prime factors of -5073*5*(-6)/9.
2, 5, 19, 89
Let a(r) = -60*r - 92. Let v be a(12). Let l = -398 - v. List the prime factors of l.
2, 3, 23
Let l(r) = -2*r**3 - 9*r**2 + 35*r - 20. Let x = -35 - -26. List the prime factors of l(x).
2, 197
Suppose 5 - 21 = 4*c, 4*t + 3*c - 48 = 0. Suppose t*b - 1778 - 2077 = 0. What are the prime factors of b?
257
List the prime factors of 59*26*(18 - 8).
2, 5, 13, 59
Let g(h) = -30*h - 507. Let y be g(-17). Let l be (5/2 - 2)*-24. What are the prime factors of (l/2)/(y/(-96))?
2, 3
Let k be 2/2 - (3 - (3 - 0)). Let j(w) = -w**2 - 17*w - 47. Let o be j(-14). List the prime factors of o + (-988)/(-7) - k/7.
2, 17
Let n be (-12)/10*15/(-6). Suppose -2*d - v = -5*v, -11 = -4*d - n*v. Suppose 0 = -5*b - 5*l + 180, 5*l = 5*b + d*l - 172. What are the prime factors of b?
5, 7
Let n(s) be the first derivative of s**4/4 - 2*s**3/3 - 5*s**2/2 - 13*s + 15. Let h be n(6). Suppose -701 = -12*v - h. List the prime factors of v.
2, 5
Let p(t) = -t + 21. Let i be p(12). Suppose 3*j = 3, 2*u - 4*j - 7 = -i*j. Let b(f) = 74*f**3 + f**2 - f. List the prime factors of b(u).
2, 37
Let c = -230 + 233. Suppose 4*o + c*n = 1641, 4*o - 298 = 4*n + 1350. What are the prime factors of o?
3, 137
Let x = 296 - 289. Suppose 9*g = x*g + 292. List the prime factors of g.
2, 73
Suppose -3*l = 5*y - 2314, 4*y - y + 1568 = 2*l. Suppose 4*t - 1137 = -3*f, f = -f + 4*t + l. List the prime factors of f.
383
Let s be 1460/25 - (-6)/10. Suppose -95 = -5*m + 5*k, -8*m + 6*m = 4*k - 68. Let u = m + s. List the prime factors of u.
83
Let g(p) be the first derivative of -p**4/4 + 4*p**3/3 + p**2/2 + p + 28. Let h be g(6). Let w = h - -232. What are the prime factors of w?
167
Let d be 304/38*(-14)/8. Let r(h) = -h**3 - 13*h**2 - 16*h + 23. What are the prime factors of r(d)?
443
Let v(p) = -3 + p - 6 + 1 + 1. Let o be v(7). Suppose 5*x + 5*r = 80, -3*x = -o*r - r - 64. What are the prime factors of x?
2, 5
Suppose 1409655 = 171*o - 4159182 - 517908. What are the prime factors of o?
3, 5, 7, 113
Suppose -2*r + 2*h = 6*h + 384, 4*r = 4*h - 732. Let n = 428 + r. Let l = n - 105. What are the prime factors of l?
137
Let p(m) = -34*m + 22. Let a(w) = -w**3 - 12*w**2 + w + 1. Let k be a(-12). Let d be p(k). Suppose 26*x + d = 30*x. List the prime factors of x.
3, 11
Suppose -b + 3*l = -2577, 6*l - l + 20 = 0. Suppose 0 = -4*z + b + 279. List the prime factors of z.
3, 79
Let t(n) = n**3 - 9*n**2 + n + 24. Let g be t(9). Suppose -3*w = -3*c - c - 121, w - 5*c - g = 0. Let v = 107 - w. What are the prime factors of v?
2
Suppose -90 - 155 = -5*m. Let x be (-32)/304 - (-1284)/(-76). Let h = m + x. List the prime factors of h.
2
Let p be 13/(-3) - 2/3. Let g(s) = 17*s**2 + 234*s - 57. Let b be g(-14). What are the prime factors of (-4 - p) + (47 - b)?
7
Suppose 2*f = 5*f, -2*q = 2*f + 4. What are the prime factors of (q/2 - 1) + 456?
2, 227
Suppose 0 = -7*x + 12*x - 7210. Suppose -4*a + 635 = 4*i - 809, 3*a - x = -4*i. What are the prime factors of i?
359
Let a(w) = 2*w**2 - 2*w + 4. Let v be a(2). Let j = v - 6. Suppose -4*q - j*x = -110, -3*q = x + x - 83. What are the prime factors of q?
3
Suppose 3*z = h + 1, -7*z + h = -5*z + 1. Suppose z*y + 17*y - 1292 = 0. List the prime factors of y.
2, 17
Let b = 25 - -136. What are the prime factors of (10/(-8))/((b/3948)/(-23))?
3, 5, 47
Let g(l) = 2*l**2 - 24*l - 6. Let y be g(11). Let h be (-10)/(-2) - (-168)/y. What are the prime factors of 1*126 - 1/h?
127
Suppose 0 = -5*j + 3*o + 5545, 97*o = 99*o. What are the prime factors of j?
1109
Let a(p) be the first derivative of 124*p**3/3 + 9*p**2/2 + 13*p - 144. What are the prime factors of a(-3)?
2, 19, 29
Suppose -3*x - 23*y = -26*y - 133176, 3*x = 19*y + 133192. What are the prime factors of x?
3, 14797
Suppose 0 = 3*j + 2*o - 35232, 58720 = -38*j + 43*j + 4*o. List the prime factors of j.
2, 367
Suppose 103*j - 88188 = 160763. List the prime factors of j.
2417
Let w(t) be the first derivative of 24*t**2 + 33*t - 33. What are the prime factors of w(3)?
3, 59
Let d(c) be the first derivative of c**3 - 47*c**2/2 - 75*c + 85. What are the prime factors of d(22)?
7
Let s(b) = -4*b - 33. Let j be s(-9). Suppose -j*q = -10*q - 161. What are the prime factors of (q/69)/(2/(-294))?
7
List the prime factors of (-50)/(-4)*(-22572)/(-2090).
3, 5
What are the prime factors of (-177696)/10*(-1970)/788?
2, 3, 617
Let c(y) be the second derivative of 13*y**4/4 - 5*y**3/6 + 3*y**2 + 2*y + 12. List the prime factors of c(-5).
2, 503
Suppose -99*y + 15 = -96*y. Suppose -v + y = -a + 2*v, -5*a - 4*v = -13. What are the prime factors of (-5 + a)/1 - -254*1?
2, 5
Suppose -16*l + 160855 + 55708 + 73389 = 0. List the prime factors of l.
2, 13, 17, 41
Suppose 154 = r + 172. List the prime factors of (-